en 37 is divided by 35?
2
Calculate the remainder when 93 is divided by 35.
23
Calculate the remainder when 984 is divided by 124.
116
Calculate the remainder when 308 is divided by 289.
19
What is the remainder when 334 is divided by 152?
30
What is the remainder when 7388 is divided by 3689?
10
Calculate the remainder when 118 is divided by 30.
28
What is the remainder when 43 is divided by 6?
1
What is the remainder when 229 is divided by 74?
7
What is the remainder when 298 is divided by 12?
10
Calculate the remainder when 50 is divided by 4.
2
What is the remainder when 3958 is divided by 264?
262
Calculate the remainder when 2350 is divided by 49.
47
Calculate the remainder when 2985 is divided by 24.
9
Calculate the remainder when 554 is divided by 109.
9
Calculate the remainder when 10295 is divided by 264.
263
Calculate the remainder when 1465 is divided by 123.
112
What is the remainder when 700 is divided by 88?
84
What is the remainder when 635 is divided by 305?
25
What is the remainder when 819 is divided by 400?
19
Calculate the remainder when 12 is divided by 3.
0
Calculate the remainder when 551 is divided by 204.
143
What is the remainder when 422 is divided by 86?
78
Calculate the remainder when 113 is divided by 30.
23
Calculate the remainder when 3103 is divided by 384.
31
Calculate the remainder when 11 is divided by 2.
1
What is the remainder when 513 is divided by 500?
13
What is the remainder when 7 is divided by 3?
1
What is the remainder when 922 is divided by 161?
117
What is the remainder when 1913 is divided by 66?
65
What is the remainder when 156 is divided by 88?
68
What is the remainder when 2462 is divided by 491?
7
Calculate the remainder when 521 is divided by 6.
5
Calculate the remainder when 1599 is divided by 1586.
13
Calculate the remainder when 171 is divided by 39.
15
Calculate the remainder when 109 is divided by 23.
17
What is the remainder when 28 is divided by 11?
6
Calculate the remainder when 1376 is divided by 171.
8
Calculate the remainder when 4725 is divided by 523.
18
What is the remainder when 189 is divided by 3?
0
Calculate the remainder when 1380 is divided by 211.
114
Calculate the remainder when 626 is divided by 132.
98
What is the remainder when 7104 is divided by 418?
416
What is the remainder when 232 is divided by 108?
16
What is the remainder when 9007 is divided by 63?
61
What is the remainder when 91 is divided by 78?
13
Calculate the remainder when 384 is divided by 136.
112
Calculate the remainder when 452 is divided by 58.
46
What is the remainder when 5849 is divided by 15?
14
What is the remainder when 629 is divided by 35?
34
Calculate the remainder when 186 is divided by 29.
12
What is the remainder when 33 is divided by 5?
3
What is the remainder when 179 is divided by 12?
11
Calculate the remainder when 738 is divided by 363.
12
Calculate the remainder when 27 is divided by 10.
7
What is the remainder when 78 is divided by 19?
2
Calculate the remainder when 45362 is divided by 215.
212
Calculate the remainder when 735 is divided by 666.
69
Calculate the remainder when 899 is divided by 84.
59
What is the remainder when 11184 is divided by 238?
236
What is the remainder when 1387 is divided by 233?
222
What is the remainder when 284 is divided by 58?
52
Calculate the remainder when 11071 is divided by 78.
73
Calculate the remainder when 2920 is divided by 79.
76
Calculate the remainder when 331 is divided by 51.
25
Calculate the remainder when 189 is divided by 47.
1
What is the remainder when 7618 is divided by 1900?
18
What is the remainder when 5185 is divided by 91?
89
Calculate the remainder when 763 is divided by 72.
43
Calculate the remainder when 453 is divided by 24.
21
What is the remainder when 2635 is divided by 295?
275
What is the remainder when 6304 is divided by 83?
79
Calculate the remainder when 409 is divided by 82.
81
Calculate the remainder when 412 is divided by 31.
9
What is the remainder when 474 is divided by 121?
111
What is the remainder when 5105 is divided by 69?
68
Calculate the remainder when 97 is divided by 35.
27
Calculate the remainder when 3979 is divided by 166.
161
Calculate the remainder when 194 is divided by 184.
10
Calculate the remainder when 197 is divided by 22.
21
Calculate the remainder when 1664 is divided by 37.
36
What is the remainder when 1842 is divided by 607?
21
What is the remainder when 29 is divided by 13?
3
What is the remainder when 166 is divided by 17?
13
What is the remainder when 3153 is divided by 210?
3
What is the remainder when 3076 is divided by 56?
52
Calculate the remainder when 69 is divided by 20.
9
Calculate the remainder when 145 is divided by 10.
5
Calculate the remainder when 609 is divided by 302.
5
Calculate the remainder when 649 is divided by 221.
207
What is the remainder when 59 is divided by 15?
14
What is the remainder when 1367 is divided by 24?
23
What is the remainder when 80 is divided by 1?
0
Calculate the remainder when 223 is divided by 210.
13
Calculate the remainder when 79 is divided by 1.
0
What is the remainder when 140 is divided by 124?
16
What is the remainder when 172 is divided by 36?
28
What is the remainder when 61 is divided by 3?
1
What is the remainder when 58 is divided by 30?
28
What is the remainder when 365 is divided by 102?
59
What is the remainder when 43 is divided by 16?
11
Calculate the remainder when 139 is divided by 24.
19
What is the remainder when 337 is divided by 17?
14
Calculate the remainder when 531 is divided by 126.
27
Calculate the remainder when 6602 is divided by 508.
506
Calculate the remainder when 661 is divided by 18.
13
What is the remainder when 38 is divided by 20?
18
What is the remainder when 86 is divided by 2?
0
What is the remainder when 2420 is divided by 97?
92
Calculate the remainder when 1041 is divided by 116.
113
What is the remainder when 469 is divided by 94?
93
Calculate the remainder when 648 is divided by 59.
58
What is the remainder when 11255 is divided by 168?
167
What is the remainder when 47 is divided by 8?
7
What is the remainder when 388 is divided by 22?
14
Calculate the remainder when 5094 is divided by 21.
12
Calculate the remainder when 148 is divided by 84.
64
What is the remainder when 189 is divided by 96?
93
Calculate the remainder when 3644 is divided by 45.
44
What is the remainder when 505 is divided by 476?
29
What is the remainder when 18 is divided by 6?
0
What is the remainder when 246 is divided by 117?
12
Calculate the remainder when 399 is divided by 84.
63
What is the remainder when 1711 is divided by 125?
86
What is the remainder when 1343 is divided by 14?
13
What is the remainder when 835 is divided by 76?
75
Calculate the remainder when 53 is divided by 24.
5
What is the remainder when 20016 is divided by 13?
9
Calculate the remainder when 966 is divided by 396.
174
What is the remainder when 15280 is divided by 59?
58
Calculate the remainder when 258 is divided by 33.
27
What is the remainder when 586 is divided by 256?
74
What is the remainder when 9 is divided by 8?
1
Calculate the remainder when 222 is divided by 29.
19
Calculate the remainder when 262 is divided by 88.
86
What is the remainder when 2175 is divided by 51?
33
Calculate the remainder when 257 is divided by 53.
45
What is the remainder when 585 is divided by 11?
2
What is the remainder when 310 is divided by 24?
22
What is the remainder when 972 is divided by 131?
55
What is the remainder when 173 is divided by 64?
45
What is the remainder when 736 is divided by 19?
14
Calculate the remainder when 17 is divided by 5.
2
Calculate the remainder when 854 is divided by 66.
62
What is the remainder when 1819 is divided by 498?
325
Calculate the remainder when 125 is divided by 16.
13
What is the remainder when 82 is divided by 63?
19
Calculate the remainder when 221 is divided by 75.
71
Calculate the remainder when 668 is divided by 12.
8
What is the remainder when 894 is divided by 276?
66
What is the remainder when 19 is divided by 18?
1
What is the remainder when 76 is divided by 12?
4
Calculate the remainder when 5433 is divided by 35.
8
What is the remainder when 80 is divided by 15?
5
What is the remainder when 4